 44. Suppose v + 97 = 4*o, -v + f - 5 = 0. What is the greatest common divisor of 115 and o?
23
Let z = -68 + 82. Calculate the greatest common divisor of z and 98.
14
Suppose -13*j + 6*j = 14. Let x be (-3 - -2) + j - -4. What is the highest common divisor of 8 and x?
1
Let z = -369 - -439. Calculate the highest common factor of 182 and z.
14
Let j = -560 + 574. Calculate the highest common factor of 322 and j.
14
Let k = 9 + -8. Let b be k/((-1)/5)*-10. What is the greatest common divisor of b and 10?
10
Let p = -4 - -6. Suppose 3*u - p*v = 81, -3*u + 19 = 3*v - 62. Let j be (-27 + -9)*(-2)/4. Calculate the greatest common factor of j and u.
9
Let f(r) = -r**3 + 6*r**2 - 2*r + 4. Suppose -d - 3*d = -3*g - 31, -4*g = 2*d + 12. Let k be f(d). Calculate the highest common factor of k and 196.
28
Let w = 218 + 305. Let f = w + -271. Suppose -p + 5*p = f. Calculate the highest common factor of 9 and p.
9
Suppose -4*o - 3 = -11. Suppose -o*x = 4*g - 46, x = 5*x + 20. Calculate the highest common factor of g and 14.
14
Suppose 160 = 607*r - 605*r. Calculate the greatest common divisor of 20 and r.
20
Let p be (259/35 - 3)*(-25)/(-10). Suppose -q + 4*u = -65, -388 = -5*q + u - 2*u. What is the greatest common divisor of q and p?
11
Let s be 4*15/6 - 3. Suppose -3*r - 48 = -s*r. Suppose 0 = 2*g + g - 108. Calculate the highest common divisor of g and r.
12
Let t be 277 - (-5 - 4 - -2). What is the highest common factor of t and 8?
4
Suppose -o = 771 - 791. What is the highest common factor of 460 and o?
20
Let u be (-7 + -10)*(-1 - 0). Calculate the greatest common factor of 493 and u.
17
Suppose -13*g = -832 - 676. Calculate the greatest common divisor of 232 and g.
116
Let s be (2/(-3))/1 + (-2758)/(-6). What is the highest common factor of 27 and s?
27
Let i = -10 + 13. Suppose -5*s + 4 = r - 35, 0 = -i*r - 4*s + 95. Let b = 179 + -121. Calculate the greatest common factor of b and r.
29
Suppose 5*y - 157 = -2*v, 0*v - 5*v + 410 = -5*y. Let o = v + -68. Calculate the highest common divisor of 130 and o.
13
Let n = -146 + 164. Suppose -461 = -5*b + 79. What is the highest common factor of b and n?
18
Let n = -9 + 8. Let s be 3*(n + (-6)/9). Let l be s*(-1 + 4/10). What is the greatest common factor of 27 and l?
3
Suppose 13891*y = 13884*y + 28. Suppose -2*f + 128 = 2*f. What is the greatest common divisor of f and y?
4
Suppose -240 = 4*g - 6*g. Calculate the greatest common divisor of g and 80.
40
Suppose 3*x - 9 = m, -5*x + 7 = m - 0*x. Let l be (-12)/9*m/2. Suppose l*z = 6*z - 8. What is the highest common divisor of 22 and z?
2
Suppose 0 = -5*n - 2*y + 110, 5*y - 2*y = -15. Calculate the highest common divisor of 216 and n.
24
Let j = 237 - 117. Suppose 0 = -12*f + 152 - 32. Calculate the greatest common factor of f and j.
10
Let b = 184 + -172. Calculate the greatest common divisor of b and 28.
4
Suppose b - 3*v = 4, 5*v = -b + v + 4. Suppose 3*n = -b*k + 134, -4*n = -9*n + 5*k + 200. What is the greatest common factor of 12 and n?
6
Let l(s) = -s**3 + 22*s**2 + 50*s + 24. Let d be l(24). What is the highest common divisor of d and 1152?
72
Suppose -2*y + 168 = y. Let m be (-268)/(-6) + (-38)/57. Suppose 0*z + 4*z = -3*v + m, -4*v = 5*z - 54. Calculate the highest common divisor of y and z.
14
Let c(o) = o**3 + 8*o**2 - 52*o - 21. Let x be c(-10). Calculate the greatest common divisor of x and 46.
23
Let k(q) = -q**3 + 4*q**2 + 2*q - 6. Let i be k(4). Suppose -60 = -6*c + i*c. Let m = c + -11. What is the greatest common divisor of m and 28?
4
Let u(n) = 51*n - 9. Let r be u(2). Suppose -21 = 8*i - r. Let v = 106 + -34. Calculate the greatest common divisor of i and v.
9
Suppose -3*x - w + 0*w + 196 = 0, 0 = -w - 5. Let d = x - 47. What is the greatest common divisor of 20 and d?
20
Let q = 6 + 0. Suppose 10*n = 5*n + 75. Calculate the highest common divisor of q and n.
3
Let p = -37 + 65. Let h = -2387 - -2391. What is the greatest common divisor of h and p?
4
Let d be -8*(-12)/128*28. Calculate the highest common factor of 21 and d.
21
Let q(c) = -c**3 + 16*c**2 + 18*c - 2. Let s be q(17). Let i = 73 + s. Calculate the highest common factor of i and 66.
22
Suppose -4*b - a = -2*a + 509, 0 = 4*b + 5*a + 503. Let f = -82 - b. Calculate the highest common divisor of 60 and f.
15
Let p be (-1 + 4)*42*(-11)/(-2). Calculate the highest common factor of p and 126.
63
Let s be 81/5 + (-1)/5. Suppose -23*m + 2*t = -20*m - 28, 48 = 5*m - 4*t. What is the greatest common factor of m and s?
8
Suppose 0 = 21*z - 17*z + a - 74, -z - 3*a + 24 = 0. Let j be (-36)/9 - (0 - 202). What is the highest common divisor of z and j?
18
Let q be 208 + 42/6 + -17. What is the highest common divisor of 55 and q?
11
Let f(j) = 40*j**2 + j + 6. Let w be f(3). Calculate the greatest common divisor of 18 and w.
9
Suppose 26*v = 28*v - 10. Suppose -19 = -v*x + 11. Suppose -2*a + 86 = 26. What is the greatest common factor of x and a?
6
Suppose -3*a = -0*a - 168. Calculate the greatest common divisor of a and 7.
7
Let t(c) = -c**3 + 3*c**2 + 3*c - 3. Let o(i) = -i**2 + 3*i - 1. Let p be o(5). Let b = -9 - p. Let x be t(b). What is the highest common factor of 63 and x?
7
Let v be 2/6 - (-275)/3. Suppose -3*g + w = -v, -56 - 60 = -3*g - 5*w. What is the greatest common factor of 224 and g?
32
Let n(v) = v**3 + 5*v**2 - 17*v + 13. Let g be n(-7). Suppose -4*z + 2*h + 282 = 0, -3*z - 4*h + 189 = -h. What is the greatest common divisor of z and g?
34
Let i(x) = 10*x - 42. Let z be i(15). Calculate the highest common factor of 27 and z.
27
Suppose -2*o + 0*o - 5*a - 45 = 0, -3*a = 3*o + 90. Let f = 37 + o. What is the greatest common factor of 10 and f?
2
Let o(n) = -4 - 18*n + 33*n - 18*n. Suppose -3*h - h - 48 = 0. Let q be o(h). What is the greatest common divisor of 8 and q?
8
Suppose 2*x = x + 59. Suppose -o + i + 149 = 4*o, x = 2*o - i. What is the greatest common divisor of 20 and o?
10
Let k be 10/30 + (-398)/6. Let x = -36 - k. What is the greatest common factor of 75 and x?
15
Suppose -j = -2*v - 10, 5*j - 4*v - 45 = v. What is the highest common divisor of j and 48?
8
Let o(d) = -d**2 - 11*d + 7. Let t be o(-11). Let r be 1/t + 6/7. What is the greatest common factor of 4 and r?
1
Let d = 315 + -259. What is the greatest common divisor of d and 140?
28
Let s be 339 + -1 + 5 - 7. What is the highest common factor of s and 48?
48
Let z be 62 - ((-9)/(-4) - 2/8). Suppose 0 = -v + 20 + z. Calculate the highest common divisor of v and 10.
10
Let m be (-5 - -6) + -7 + 3. Let c be (-2)/(-10)*m*-15. Calculate the highest common factor of c and 72.
9
Let u(y) = -14*y**2 + 2. Let o be u(-2). Let g = o - -78. Suppose -110 = -2*d + 10. What is the highest common divisor of d and g?
12
Suppose 73*k + 80 = 74*k. Suppose 0*n - n = -32. What is the highest common divisor of n and k?
16
Let t be (-298)/(-8) + 99/(-44). Calculate the highest common factor of 49 and t.
7
Let o(n) = -8*n - 9. Let z be o(-3). Let v be (66 + 0)*(-10)/((-100)/z). Calculate the greatest common divisor of v and 11.
11
Suppose -648 = -19*t + t. What is the greatest common divisor of 36 and t?
36
Suppose -d = -0*d + i - 27, 48 = 2*d + 4*i. Let f be (-8)/(48/d)*(0 - 1). Calculate the highest common divisor of f and 40.
5
Let u(c) = -c**2 + 11*c + 5. Let k be u(11). Let t be 0*((-6)/2)/6. Let h be 59 + t + (14 - 18). What is the greatest common divisor of h and k?
5
Let u(p) be the third derivative of -3*p**4/4 + 2*p**3/3 + 5*p**2 + 6*p. Let r be u(-1). Calculate the highest common divisor of 88 and r.
22
Let b(i) = 2*i - 120 + i**2 + 4*i + 125. Let l be b(-7). What is the highest common divisor of l and 84?
12
Suppose -11*i = 5855 - 14303. Suppose -4*w + i = 4*w. What is the highest common divisor of 12 and w?
12
Suppose -2*i + 5*s = -3981, 0 = 15*i - 16*i - s + 2001. What is the greatest common factor of 27 and i?
27
Let f = 40 - 31. Suppose 6*s - f*s = -18. What is the greatest common divisor of s and 18?
6
Suppose -15 - 5 = -4*y. Suppose 3*m - 20 + 0 = 4*u, 5*u - 80 = -y*m. Calculate the highest common factor of 24 and m.
12
Let n be (-25 - -27)*((-2)/2 + 11). What is the highest common factor of 140 and n?
20
Let a(i) = -i**2 + 2*i - 6. Let c be a(0). Let p = 30 + c. Let f be ((-480)/6)/(2/(-3)). What is 